 104, 5*z = 3*i - 61. Calculate the highest common divisor of i and x.
27
Let q(s) = s + 15. Suppose -7*t - 100 + 9 = 0. Let d be q(t). Calculate the highest common divisor of 3 and d.
1
Suppose -3*p = -2*p - 22. Suppose 268*c = -126*c + 22746 + 7592. Calculate the greatest common factor of c and p.
11
Let v be (-1 + 4)/(18/24). Suppose v*c - 25 = 11. Suppose 4*p = 90 + 18. What is the greatest common divisor of c and p?
9
Let n be (328/(-6))/((-35)/(-15) - 3). Calculate the greatest common divisor of 2 and n.
2
Let l be 63/((2 + 1)*10/20). What is the highest common divisor of l and 21?
21
Suppose -2 = -6*p + 70. Calculate the greatest common divisor of 3 and p.
3
Suppose -28*z + 25*z = 120. Let i = -28 - z. What is the greatest common divisor of 108 and i?
12
Suppose w - 16*z + 12*z - 324 = 0, 5*z = w - 320. What is the greatest common factor of w and 85?
85
Suppose 13 + 29 = k. Let t = k - -2. Suppose -16 + 4 = -3*a. Calculate the highest common divisor of t and a.
4
Let f(z) be the second derivative of -z**4/12 + 8*z**3/3 + 16*z**2 - 11*z. Let u be f(14). What is the highest common divisor of u and 12?
12
Let m be (1*8)/(88/132). Calculate the greatest common divisor of 300 and m.
12
Suppose -5*m + 4*s + 2454 - 197 = 0, 1818 = 4*m + 3*s. What is the greatest common factor of 9 and m?
3
Suppose -3 = 3*t - 15, -p - 5*t + 1563 = 0. Suppose -6*o + p = -77. What is the highest common divisor of 30 and o?
30
Let w = 41 + -49. Let i be 2/w + (-779)/(-76). Calculate the highest common divisor of i and 250.
10
Suppose -17*j + 2*b + 1136 = -13*j, 3*j + b = 842. What is the highest common divisor of j and 18?
6
Let z(p) = -p + 19. Let r be z(11). Suppose b = 10 - r. Let t be (68 + 0)/(b/1). Calculate the greatest common factor of 17 and t.
17
Let q(i) = 55*i + 1. Let l be q(-1). Let s be (-5)/2*l/15. What is the greatest common factor of s and 27?
9
Suppose -l = 3*x - 3 - 3, x + 1 = 0. Let v(t) = 9*t**2 - 4*t + 2. Let y be v(5). What is the greatest common factor of l and y?
9
Suppose 0 = -0*r - 3*r + 6. Let g be 2/r + -3 - -4. Suppose -3*b + 14 = n, -3*b - 6 = -n - g*b. Calculate the greatest common factor of 32 and n.
8
Let b be -4 - (-5 + (-20)/(-12))*3. Let p = 8 - 6. What is the greatest common divisor of p and b?
2
Let f be 63/21*4/3*20. Calculate the highest common divisor of 20 and f.
20
Let q be (-6)/((30/16)/(-5)). Let i be 4 - (-5 + 1)*32. Let u = i - 4. What is the highest common divisor of q and u?
16
Suppose -28*n + 255 + 361 = 0. What is the highest common divisor of n and 10?
2
Let j be 8/52 + 1192/26. Suppose -3*i + j + 14 = 0. Suppose -5*n + n = -i. Calculate the highest common divisor of n and 5.
5
Let s(i) = i**3 + i**2 + i - 2. Let h be s(2). Let f(l) = -27*l - 123. Let r be f(-5). What is the greatest common factor of r and h?
12
Let t be (-8 - -1) + (12 - (-2013 + 12)). Calculate the greatest common divisor of t and 59.
59
Let j(m) = m**3 + 4*m**2 - 2*m. Let h be j(-3). Let n = 3 - -3. What is the highest common divisor of n and h?
3
Let j be -13 + (9 - -161) + (3 - 0). What is the greatest common divisor of 5 and j?
5
Let c(u) = -u**2 - 21*u + 10. Let f be c(-21). Let z be 41 - 6/(-5)*f/4. Calculate the greatest common factor of 4 and z.
4
Suppose 3*t + 976 = 5*k - t, -560 = -3*k - 4*t. What is the highest common factor of k and 3?
3
Suppose -a + z = -39, -a = -3*z - 8 - 33. What is the greatest common divisor of a and 247?
19
Let z = -161 + 199. Suppose 0 = n + 5 + 27. Let s = n + z. Calculate the greatest common factor of 18 and s.
6
Suppose -1679 = 9*n - 9716. Calculate the highest common factor of 19 and n.
19
Suppose t = -0*t + 5. Suppose 1 = t*i - 4. Let u be ((-560)/(-4))/2*i. What is the highest common divisor of 10 and u?
10
Suppose -5*s = 3*m - 29, -3*s - 49 - 2 = -2*m. What is the highest common factor of 4122 and m?
18
Let n be (12/(-10))/(2/10). Let p be (-103)/(-5) + n/(-15). Suppose 7*r - 2273 + 656 = 0. Calculate the greatest common factor of r and p.
21
Let i be (-1)/2 + 1140/40. Suppose -n - i = -2*n. Calculate the highest common divisor of n and 14.
14
Let x(o) = -o**2 + 28*o + 32. Let p be x(28). Calculate the greatest common factor of p and 2.
2
Let f be ((-70)/(-45))/((-2)/(-9)). Calculate the highest common divisor of 112 and f.
7
Suppose 16*k - 515 - 829 = 0. Calculate the highest common divisor of k and 21.
21
Suppose -3*c - 36 = -5*a, -4*a - 3*c = -6*a + 9. What is the greatest common divisor of 657 and a?
9
Let b = -187 + 229. Calculate the highest common divisor of b and 2.
2
Suppose -3*l - 6*h = -3*h - 39, -4*l + 58 = -2*h. Let w = -4 - -7. Suppose -a = 0, -5*a = -5*x + w*x + 112. What is the greatest common divisor of x and l?
14
Suppose 3 + 33 = 12*j. Suppose -2*k = 2*z - 572, j*k = z - 493 + 1355. Calculate the highest common factor of k and 41.
41
Suppose 3*z = -2*o + 89, -2*o - 218 = -7*o - 3*z. What is the highest common divisor of o and 43?
43
Suppose -507 = -11*a + 219. What is the highest common factor of 594 and a?
66
Let u = -345 - -750. What is the highest common factor of 45 and u?
45
Let y be (-2)/(1*(-8)/20). Let u(t) = -2*t**3 - 4*t**2 - 2*t + 1. Let z be u(-3). Calculate the greatest common factor of z and y.
5
Let d = -22 + 26. Let l be 310/25 + d/(-10). What is the highest common divisor of l and 6?
6
Suppose -1 = 2*w + 47. Let v = w - -60. Let k(h) = h**3 + 28*h**2 + 54*h + 56. Let u be k(-26). What is the greatest common divisor of v and u?
4
Suppose -10*z = -7*z - 2913. Suppose -11*t + z - 333 = 0. What is the greatest common factor of t and 145?
29
Let b be 26/30 + 32/240. Let r be 453/b + 5 + -8. Calculate the greatest common divisor of r and 45.
45
Let o(p) = -p**2 - 17*p - 13. Let c be o(-16). Let n = c + -14. Let g = -3 - n. Calculate the greatest common divisor of g and 8.
8
Let d be 0 + 7/(28/324). What is the highest common factor of 108 and d?
27
Let r(x) = -x + 10. Let i be r(8). Let o be 1 + (-6 + i)*-2. Let w = 57 + o. What is the greatest common factor of w and 44?
22
Let g(q) = -q**3 - 11*q**2 + 13*q - 6. Let c be g(-12). Let w = c - -46. Calculate the highest common factor of 14 and w.
14
Let p(m) = m**3 + 2*m**2 + 88. Let t be p(0). Suppose 2*a + a = 9. Suppose a*b - 23 = -u, 2*u + 4 = -3*b + 26. What is the highest common divisor of t and b?
8
Let a be 1242/10 - (80/25 - 3). Suppose 4*t - a = 20. Let l be (-213)/(-12) + 2/8. Calculate the greatest common divisor of t and l.
18
Let v be (-3*1/2)/(33/(-1144)). Let p be (1/(-2))/(3/(-78)). Calculate the greatest common factor of p and v.
13
Let d = -2735 - -2908. What is the greatest common divisor of 1557 and d?
173
Let s be (-1*(-2)/(-2))/(12/132). Let m(i) = i**3 + 11*i**2 - 4*i + 36. Let a be m(s). Calculate the highest common factor of a and 200.
40
Suppose 0 = -4*b + 20, 7 = 5*i + 4*b - 68. Let k = -413 + 424. Calculate the greatest common divisor of i and k.
11
Let q = 76 + -66. Calculate the highest common factor of q and 90.
10
Let f = 18 + -14. Let i(k) = 7 + 10*k**2 + 3 + k**3 - f + 3*k. Let c be i(-9). Calculate the highest common divisor of 24 and c.
12
Suppose 0 = -4*k + 4*a + 36, -a = -5*k - 5*a + 54. Let o be (-455)/20 + (-1)/4. Let u = o - -38. What is the highest common factor of u and k?
5
Let m(q) = 4*q**3 - 4*q**2 + 3*q - 2. Let g be m(2). Let c = 83 + -63. What is the greatest common factor of c and g?
20
Suppose -13*i + 16330 = 6203. Calculate the greatest common divisor of 19 and i.
19
Let b = -332 - -428. Calculate the greatest common factor of 24 and b.
24
Let l be (-26)/2*-3 + (0 - 1). Suppose -4*u = 222 - 982. What is the highest common factor of u and l?
38
Suppose -m - 2*m + 15 = 0. Suppose -10 = -m*n - 0. Let q(z) = z + 23. Let w be q(-21). Calculate the highest common divisor of n and w.
2
Let l = -51 + 42. Let h = 17 - l. Calculate the highest common factor of h and 104.
26
Let u = 154 - 58. Let a be 12/42 - (0 + 1002/(-21)). Calculate the highest common factor of u and a.
48
Let x be (-6)/((-36)/6006) + (-8 - -6). What is the highest common divisor of 37 and x?
37
Let g(b) = -23*b**2 - 3*b - 5. Let f(s) = 68*s**2 + 8*s + 14. Let x(t) = 4*f(t) + 11*g(t). Let n be x(1). What is the highest common divisor of 19 and n?
19
Let f(q) = -q**3 - 37*q**2 - 40*q - 6. Let w be f(-36). C